s of b*(5 - 7)/((-2)/(-83)).
5, 83
Let r be (-28)/35 + 4188/(-15). Let s = r + 341. List the prime factors of s.
61
Suppose -79276 + 12898 = -4*n - 3974. List the prime factors of n.
15601
Let j = 24 - 21. Suppose 1 + 0 = p. What are the prime factors of -67*(j + (-3 - p))?
67
Let k = -220 + 108. Let h = -108 - k. Suppose 225 + 335 = h*t. What are the prime factors of t?
2, 5, 7
Let w = 25375 + -5965. What are the prime factors of w?
2, 3, 5, 647
Suppose -202 = 7*o + 36. Let c = -35 - o. List the prime factors of (856/(-2))/4*c.
107
Suppose 897*n - 877*n - 100240 = 0. What are the prime factors of n?
2, 7, 179
Let i = -1545 - -1041. Let t = 95 - i. What are the prime factors of t?
599
Suppose -441356 = -56*m + 18734 + 658734. List the prime factors of m.
19979
Let k(o) = -2*o + 39. Let l be k(20). Let u be (l - -22)*(-369)/(-27). Suppose -7*h + u = -266. List the prime factors of h.
79
Suppose 7*j - 5*j - 4*d - 3788 = 0, 4*j - 4*d = 7592. What are the prime factors of j?
2, 3, 317
Suppose -20295 = -440*o + 407*o. Let s be (1 - 16)/(4/92). Let p = s + o. What are the prime factors of p?
2, 3, 5
What are the prime factors of ((-7)/3)/(((-20)/360)/(2026/6))?
2, 7, 1013
Suppose -279*a = 76*a - 5433985. What are the prime factors of a?
15307
Let g be (-4 - -3) + (508 - -1). Let k = -208 + g. Suppose 2*o = k - 72. List the prime factors of o.
2, 3, 19
Let i(n) = 105*n**2 - 800*n + 10432. What are the prime factors of i(13)?
29, 613
Suppose 2*d - 356 = 600. Suppose 6*l - 848 = d. What are the prime factors of l?
13, 17
Suppose -66*p + 2966673 = 35*p. What are the prime factors of p?
3, 9791
Let j(q) be the third derivative of 1/120*q**6 + 0*q - 13/60*q**5 - 40*q**2 + 9/2*q**3 + q**4 + 0. What are the prime factors of j(11)?
7
Let y(p) be the first derivative of 9*p**2/2 + 175*p + 315. List the prime factors of y(38).
11, 47
Let w(s) = -s**3 - 60*s**2 - 43*s - 202. What are the prime factors of w(-61)?
2, 37, 83
Let q(g) = 2*g**2 + g - 2. Let x be q(-4). Let l(w) = 2*w**3 + 55*w**2 + 31*w + 111. Let t be l(-27). Suppose x = t*z - 112. What are the prime factors of z?
2, 23
Let d = -13546 - -23066. What are the prime factors of d?
2, 5, 7, 17
Suppose -65*v = -93*v + 139608. What are the prime factors of v?
2, 3, 277
Suppose 0 = -39*t + 30*t + 22*t - 156299. What are the prime factors of t?
11, 1093
Let q(d) = 259*d + 911. List the prime factors of q(31).
2, 3, 5, 149
What are the prime factors of (5/(-280)*-82 + (-7)/4)*-63091?
2, 9013
Let m(q) = -22*q + 319. Let p be m(0). Suppose -p = -j + x - 2*x, -4*j + x + 1276 = 0. List the prime factors of j.
11, 29
Let z(a) = -388*a - 272. Let d be z(-6). Let q = d + -1013. List the prime factors of q.
7, 149
Suppose 7*g - 144 = -2*g. Let p = g + -11. Suppose p*o + 70 = 370. What are the prime factors of o?
2, 3, 5
Let j(r) = -r + 1. Let k(i) = 36*i + 84. Let a(m) = j(m) + k(m). List the prime factors of a(19).
2, 3, 5
Let h = -65 - -60. Let k(f) = 35*f**2 - 1. Let j be k(1). Let z = h + j. What are the prime factors of z?
29
List the prime factors of 7*(-18292)/(-22) + 10/(-55).
2, 3, 5, 97
Let l(g) = -g + 15. Let z be l(-14). Suppose -5440 = 19*q - z*q. What are the prime factors of q?
2, 17
Suppose 0 = 417*x - 8355288 - 1168158. What are the prime factors of x?
2, 19, 601
Let y(q) = -2*q**3 + 14*q**2 - 3*q - 14. Let l = -84 - -50. Let i = 40 + l. What are the prime factors of y(i)?
2, 5
Let d(j) = j**3 - 4*j**2 + j + 8. Let w be d(4). Let b(i) = i**2 + w + 13*i + 8*i + 7 - 25. What are the prime factors of b(6)?
2, 3, 13
Let o(f) = 3*f**2 + 0*f**2 + 443 - 7*f**3 + 12*f - 430. List the prime factors of o(-4).
461
Let u = -626 - -629. Let g = -36 - -73. Suppose z + 3*x = g, -u*z + 78 = 4*x - 58. What are the prime factors of z?
2, 13
List the prime factors of (-8)/(-16)*-2*(-125755)/5.
7, 3593
Let j(k) = 4*k**2 + 27*k + 75. Let m be j(15). Suppose m = 4*s + 4*w, 18*w - 19*w + 1041 = 3*s. What are the prime factors of s?
2, 3, 29
What are the prime factors of (-12)/((-9)/10008*3)?
2, 139
Let f be 3 + (-12 - (-3 - -1)). Let z(h) = 25*h - 6. Let r(l) = -12*l + 3. Let t(o) = 13*r(o) + 6*z(o). List the prime factors of t(f).
3, 5
Suppose 4*k = -4 - 12. Let u be 1266*k/(-28) - (-1)/7. Suppose 173 = 3*x - u. List the prime factors of x.
2, 59
Suppose -68*r + 64*r - 4*t + 20732 = 0, -5201 = -r + 5*t. What are the prime factors of r?
2, 2593
List the prime factors of (-4010)/(-30)*(-6 + 72).
2, 11, 401
What are the prime factors of (7 - 10) + 8 + 2316 + 6?
13, 179
Suppose -q + 5*x = 11, q + 7 = 5*q - 3*x. Let i(w) = 45*w**2 - 6*w + 12. List the prime factors of i(q).
2, 3, 59
List the prime factors of (2 + 5/(-4))/(150/264800).
2, 331
Let s be (20/(-15) + 2)/((-4)/6). Let j be (448/(-10))/(s/5). Suppose -r = r - j. What are the prime factors of r?
2, 7
Let q = -1658 - -1656. Suppose m + 4*m + 25 = 0. List the prime factors of (0 - 488/(-20))/(q/m).
61
Suppose a + 4*b = -15, -4*a + 5*b = -35 - 10. Suppose -n + a = 1. What are the prime factors of 85/7 + n + 174/(-42)?
2, 3
Suppose 1813*l + 2885784 = 1881*l. What are the prime factors of l?
2, 3, 11, 643
Suppose -2*w = 70*p - 68*p - 24776, 49557 = 4*w + 5*p. What are the prime factors of w?
7, 29, 61
Suppose 0 = -d - 2*y + 1, 0 = -4*d - 2*y - 3*y + 7. Let q be (-2)/d - ((-6654)/9)/2. Suppose 5*b - 3*l = b + 492, -3*b + q = 4*l. List the prime factors of b.
3, 41
Let m(n) = -n**2 - 8*n - 10. Let t be m(-5). Suppose -14467 = -21*f + 3677. Suppose f = t*y + 359. What are the prime factors of y?
101
Let n(g) = g**3 - 9*g**2 + 9*g - 8. Let k be n(8). Suppose k = 8*c - 21*c + 13091. What are the prime factors of c?
19, 53
Let v = -122067 - -180246. List the prime factors of v.
3, 11, 41, 43
Suppose -820*y + 8 = -816*y. Suppose 4*c + 534 = 2*n, -2*c + 279 = -n + y*n. What are the prime factors of n?
3, 7, 13
Let s(t) = -3*t**3 - 6*t**2 - 4*t - 1. Let x be s(-6). Suppose 6*l = -l + x. List the prime factors of l.
5, 13
Let u(h) = -1368*h - 699. What are the prime factors of u(-6)?
3, 2503
Suppose 4*b + 30*u - 41022 = 33*u, -4*b = -5*u - 41034. What are the prime factors of b?
3, 17, 67
Let c(t) = -t**3 + 6*t**2 + 26*t + 11. Let i be c(9). Suppose -3*v = 7 - 19. Suppose -3*l = i*w - 0*w - 182, -v*l = 3*w - 242. List the prime factors of l.
2, 31
Let m(b) = 20*b**2 - 34*b - 161. Suppose 13 = -4*z - 11. What are the prime factors of m(z)?
7, 109
Suppose 0 = -2*r - g + 404, 0 = -4*r + r - g + 608. Suppose -4*s + 1109 = 329. Suppose 7*f - r = s. What are the prime factors of f?
3, 19
Suppose -4*g + 14370 = 2*i, 4*i = 3*g + 16113 + 12550. What are the prime factors of i?
71, 101
Let i(m) = -m**3 - 4*m**2 + 12*m. Let w be i(-6). Suppose 2*j = -w*l - l + 2437, 0 = 4*j + 5*l - 4865. List the prime factors of j.
2, 5, 61
Suppose -26*t = -25*t - 6104. Suppose 6*w + t = 17792. List the prime factors of w.
2, 487
Suppose 0*d - 5*d = 0, 3*d = -2*f + 20. Suppose 0 = -19*n + 17*n + f. Suppose n*s = -2*y + 149, -3 - 5 = -4*y. What are the prime factors of s?
29
Suppose -15*b + 23*b - 1168 = 0. Let t = b - -688. List the prime factors of t.
2, 3, 139
Suppose -450*b = -3*f - 446*b + 10974, -5*b + 18360 = 5*f. What are the prime factors of f?
2, 3, 13, 47
Let s(j) = 61*j - 5. Let c be s(2). Let a = 5 + 0. Suppose 4*d - b + 4*b = c, a*d - 147 = -3*b. What are the prime factors of d?
2, 3, 5
Let r(u) be the first derivative of -u**4/4 + 4*u**3/3 + 5*u**2 + 10*u + 1. Let w be r(6). Let d(a) = -8*a + 4. What are the prime factors of d(w)?
2, 5
Let r(q) = 14975*q + 36. Let z be r(2). Suppose 0 = 14*c - z + 3008. What are the prime factors of c?
41, 47
Let h = 290 + -288. Suppose -h*l - 259 + 833 = 0. What are the prime factors of l?
7, 41
Suppose 3*u = -13 + 10. Let s(w) = -463*w + 3. What are the prime factors of s(u)?
2, 233
Let y(c) be the third derivative of c**6/30 - c**5/20 + c**4/4 - c**3 + c**2. Suppose -12 = 2*h + 5*z, 0*h + 2*z + 12 = h. What are the prime factors of y(h)?
2, 113
Suppose 58*i - 10818 = -2*f + 61*i, 5*f - i - 27019 = 0. What are the prime factors of f?
3, 1801
Suppose 42 = 3*s - 2*z, 5*z = -3*s + 3*z + 30. What are the prime factors of s*((-1592)/(-24) + 7)?
2, 5, 11
Suppose 4*l + 5*f = 6*l + 73, 2*f + 62 = -3*l. Let a(m) = m**3 + 24*m**2 - 2*m + 16. What are the prime fac